 - 178. Let l = f + 193. What is the hundreds digit of l?
2
Suppose y + y = -t + 29, -5*t + 93 = -3*y. What is the units digit of (501 + 0)/(t/6 - 2)?
4
Suppose 78*q = 75*q - 3. Let g be 2 + 254/2 + 2 + q. Let d = g + -16. What is the tens digit of d?
1
Suppose 3*s + 2 = 4*s. Let r be (-608)/(-190) + (-6)/5. Suppose r*a = -4, 3*a = 3*p + s*a - 416. What is the units digit of p?
8
Let i = 16 + -16. Suppose -z + 5*x = 2*z - 124, -5*z + 2*x + 194 = i. Let k = 23 + z. What is the units digit of k?
1
Let s = 192 - 176. Let h(p) = 2*p**3 - 26*p**2 - 13*p - 20. What is the tens digit of h(s)?
0
Let f = 3425 - -111. What is the tens digit of f?
3
Let i = -299 - -1617. Suppose i + 494 = 6*j. What is the units digit of j?
2
Let a = 17380 - 9998. What is the thousands digit of a?
7
Suppose 0 = -0*l - 5*l + 80. Let i(h) = -l + 8*h + 5 + 1 - 6. What is the tens digit of i(6)?
3
Let o be 88/308 + (-75500)/(-7). Suppose o = 32*m - 3774. What is the units digit of m?
5
Suppose 53 = 12*h - 139. Suppose -2*x = -h + 10. Suppose 4*b - 22 = -x*n + 39, -n = -b + 17. What is the tens digit of b?
1
Suppose 0 = -5*p - 1247 + 492. Let g = 344 + p. What is the units digit of g?
3
Let r(i) = 438*i**2 - 66*i - 184. What is the units digit of r(-3)?
6
Suppose 31*l = 29*l + 5*c + 5932, 4*c = -2*l + 5914. What is the hundreds digit of l?
9
Let n(r) = 13*r + 32. Let x be n(-2). Suppose -373 = -2*k - 5*d, x*d - d = -5*k + 910. What is the tens digit of k?
7
Suppose q = 2*t + 21789, -5*q - 355*t + 353*t + 108861 = 0. What is the tens digit of q?
7
Let m = 29118 + -7412. What is the units digit of m?
6
Let x(b) = 6*b**2 + 6*b + 247. What is the hundreds digit of x(-40)?
6
Let n be 9/18 + (-45)/(-2). Suppose n*d + 23751 = 44*d. What is the tens digit of d?
3
Let m be (-36)/(-8)*86 - 1. Let y = 231 - m. Let f = 428 + y. What is the hundreds digit of f?
2
Let f(o) = o**3 + 3*o**2 - 2*o + 7. Suppose 2*s = 122 - 114. What is the units digit of f(s)?
1
What is the units digit of (6460/((-114)/6))/((-2)/68)?
0
Let c(q) = q**2 + 2*q + 20. Let v be c(0). Let d = 23 - v. Suppose -3*j = d, 4*x - 137 = 2*x - j. What is the units digit of x?
9
Let i(z) = -51*z - 22. Let d(p) = 21*p + 7. Let n(q) = q + 1. Let t(c) = -d(c) - 4*n(c). Let m(h) = -4*i(h) + 7*t(h). What is the tens digit of m(6)?
8
Let v = -25 + 29. Suppose 3*f - 573 = -5*k, 3*f = -0*f + v*k + 546. Suppose 2*u - 4*u = -f. What is the tens digit of u?
9
Suppose -3*f - 218 - 501 = -5*y, -2*y + 5*f + 299 = 0. Suppose 0 = -3*c - u + 402, 399 = 4*c + 3*u - y. What is the units digit of c?
3
Let h = 21 - 71. Let x = h - -26. What is the tens digit of 16/x + 74/3?
2
Let a be 11/(-44) + 2*2452/32. Suppose -4*h + 3*h = -a. What is the tens digit of h?
5
Suppose -6*r = -9*r + 12. Let g be -1 + (-963)/r - (-9)/(-36). What is the units digit of 2*(g/(-4) + -5)?
1
Suppose -2*p - 3*g + 6208 - 537 = 0, p = -g + 2837. What is the tens digit of p?
4
Let i = -2 + -1. Let u be (i + 15/6)*-8. Suppose u*y + 1 = 125. What is the units digit of y?
1
Suppose -8*a = -29 - 19. What is the hundreds digit of (-459)/(3/a - 2)?
3
Let h(w) = -w**3 + 81*w**2 + 14*w + 335. What is the ten thousands digit of h(45)?
7
Let s(m) = m**3 - 4*m**2 + 3*m + 2. Let i be s(3). Suppose -8*y + i*y + 744 = 0. What is the hundreds digit of y?
1
Let f = -5189 + 9132. What is the units digit of f?
3
Suppose -9 = -20*k + 17*k. Let j be (-8)/(12/k)*(-15)/6. Suppose -4*m + 228 = 3*u, -3*u - j*m + 116 = -109. What is the units digit of u?
0
Suppose -5*z - 135 + 220 = 0. Suppose -3 - 31 = -z*a. What is the units digit of a?
2
What is the hundreds digit of 249*11/((-33)/(-49))?
0
Let j be 1001/(-2) + 4 + (-42)/12. Let h = 1170 + j. What is the tens digit of h?
7
Let y(s) = 7*s - 342. Let n be y(47). Let b(x) = 13*x - 35. Let k(m) = -64*m + 176. Let g(a) = -11*b(a) - 2*k(a). What is the tens digit of g(n)?
2
Suppose 32 - 410 = -7*z. Suppose -53*y = -z*y + 397. Suppose 0 = -3*s - d - d + y, 3*s = 3*d + 402. What is the tens digit of s?
3
Let c = 11 - 13. Let k(d) = -565*d + 40. What is the units digit of k(c)?
0
Let z = -10550 + 19864. What is the tens digit of z?
1
What is the tens digit of 393*(26 - 1116/54)?
9
Suppose 8*r - 61 = 571. Suppose 2*b = 3*n - 90, -45 = -4*n + 4*b + r. Suppose 0 = 2*h + 2*o - n, 0*h + o = 4*h - 66. What is the tens digit of h?
1
Let q(k) be the second derivative of -1/4*k**5 + 3/2*k**2 + 0 + 1/3*k**4 + 5/6*k**3 + 29*k. What is the tens digit of q(-3)?
5
Suppose -79126 + 437881 = 17*w - 179771. What is the hundreds digit of w?
6
Suppose -2*p - 346 = 950. What is the hundreds digit of (90/(-60))/((-1 - -2)/p)?
9
Let r(p) = -p**2 + 2*p. Let q be r(-3). Let k be -3*905/q + 2. Suppose 9*n = 6*n + k. What is the tens digit of n?
6
Suppose -66*u + 127680 = 48*u. What is the thousands digit of u?
1
Let r = 11642 + -7992. What is the units digit of r?
0
Let k(q) = -5*q - 4. Let p be k(-1). Let n be (-4 - -5) + (-57)/p. Let y = n - -76. What is the units digit of y?
0
Suppose -4*o = 5*w - 674, 5*o - 5*w - 329 - 491 = 0. Suppose h - 174 = 4*m + o, 2*h + m = 698. What is the units digit of (-8)/16*h/(-3)?
8
Suppose -4*f = 2*j - 11680, -f + 41*j - 36*j + 2887 = 0. What is the thousands digit of f?
2
Suppose 0 = -4*q + 2438 - 634. Let b = q + 53. Suppose -13*p + b = -5*p. What is the tens digit of p?
6
Let q(p) = 675*p**2 - 5*p - 4. Let l be q(-2). Suppose -7703 = -19*b - l. What is the tens digit of b?
6
Suppose 3*c = -a + 1 + 19, -a - 4 = 0. Suppose -x - c = -5*q, -4*q = -7*x + 3*x + 48. Let y(f) = 2*f - 19. What is the units digit of y(x)?
5
Suppose -153735 = -2*u - 4*d + 21365, 5*d + 350109 = 4*u. What is the ten thousands digit of u?
8
Let i(r) = 5*r**2 + 14*r - 5. Let v be i(-6). Let t = 240 - v. What is the hundreds digit of t?
1
Let i(z) = 2*z**2 + z - 7. Let g be i(-3). Let c(p) = 99*p - 13. What is the tens digit of c(g)?
7
Suppose 15 = -3*u - 3*l, -3*u + 2 = -l - 3. Let k = 1 - u. What is the units digit of k?
1
Let l(j) = -3*j + 4*j + 0 - 2 + 7*j**2. Let p(w) = -2*w**2 - 23*w + 37. Let b be p(-13). What is the tens digit of l(b)?
2
Suppose 12*y = 17*y - 2*t - 66965, -4*y - 5*t = -53605. What is the hundreds digit of y?
3
Let g(c) = 597 - 15*c**2 - 10*c**2 - 20*c**2 - 2*c + 44*c**2. What is the hundreds digit of g(0)?
5
Let f(c) = -821*c + 861. What is the thousands digit of f(-20)?
7
Let f = -18635 - -38645. What is the thousands digit of f?
0
Suppose 4*p = -p + 4*g + 26, 24 = 4*p - 4*g. Suppose 3*h - 67 = -4*t, t + p*h + 0*h - 23 = 0. Suppose 2184 = -b + t*b. What is the units digit of b?
2
Let i(g) = g**3 - 27*g**2 + 25*g + 28. Let z be i(26). Let c be z/(-8) - 246/(-24). Suppose -511 = -c*p + 489. What is the hundreds digit of p?
1
Suppose 5*c = -5, 3*w - w + 3*c - 73 = 0. Suppose g - k - 678 = 0, -2*g = -5*k - w - 1312. What is the tens digit of g?
8
Let g(m) = 49*m + 10. Let k(i) = -96*i - 20. Let l(s) = s**2 - 21*s + 17. Let t be l(20). Let c(b) = t*k(b) - 5*g(b). What is the tens digit of c(4)?
8
Suppose 0 = 7*f - 45 + 17. Suppose -t - f*t + 10 = 2*p, 0 = 2*t + 3*p - 15. What is the units digit of 33/(t - -1 - 0)?
3
Suppose -j = 5*p + 436, -5*p + j = -0*j + 444. Let y = -80 - p. Suppose 6*t = y*t - 364. What is the tens digit of t?
8
What is the tens digit of (54840/(-80))/(((-18)/(-52))/(-3))?
4
Suppose 2*m - 4375 = -5*x + 2243, 2*m + x - 6618 = 0. What is the hundreds digit of m?
3
Let d(z) = 17*z + 34. Let t(k) = k**3 - 4*k**2 + 1 - 2 - 4 + 7*k - k**2. Let p be t(4). What is the hundreds digit of d(p)?
1
Let u(b) = b**3 - 9*b**2 - 23*b + 9. Let r be u(11). Let o = -28 - r. Let z = o + 107. What is the tens digit of z?
8
Let f(n) = 9*n + 1. Let p be f(2). Let j(k) = -7*k - 8*k - 2*k - k**3 + p*k**2 + 15 + 3*k. What is the tens digit of j(18)?
8
Suppose 2*h - 1 = -7*x + 2*x, -h - 4*x = 1. Suppose -14*n + 510 = -13*n + 4*q, 2*n = h*q + 987. What is the tens digit of n?
9
Let g(f) = -38*f + 74. Let z be g(3). What is the tens digit of (-13821)/(-9) + z/(-30)?
3
Let f(c) = 727*c**3 - 2*c**2 + 3*c - 9. Let l(s) = -727*s**3 + 2*s**2 - 2*s + 10. Let h(k) = 5*f(k) + 4*l(k). What is the units digit of h(1)?
7
Let y = 4031 + -101. What is the units digit of y?
0
Let k(p) = -4*p**3 - 8*p**2 - 13*p + 11. Suppose 2*a = 4*r + 2, -45*a + 43*a = -r + 10. What is